. List the prime factors of u(x).
2, 83
What are the prime factors of 173*(29 + (-9)/18*12)?
23, 173
Suppose -6*o + 60 = -2*o + 5*c, -3*o - 5*c + 40 = 0. Let y(f) = 2*f**2 - 26*f + 8. What are the prime factors of y(o)?
2, 3
Let c(w) = w**3 - 8*w**2 + w - 5. Let n be c(8). Suppose 3*g - 3036 = -n*l + 6*g, -3*l - 2*g = -3056. What are the prime factors of l?
2, 127
Suppose 444*j + 4*r = 446*j - 13840, -4*j = 3*r - 27724. What are the prime factors of j?
2, 433
Suppose 0 = 4*h + 2*a + 20, 5*a - a = -8. List the prime factors of (-8096)/(-33) - h/(-12).
5, 7
Let u(a) = a**2 - 2*a. Let l be u(4). Let j be 288 + 15/(-3) + 1. Suppose -l*t = -92 - j. What are the prime factors of t?
47
Suppose 0 = 3*m - 2*h - 2838, 2*m + 4*h = -5*m + 6622. Let b(y) = 7*y**2 + y. Let r be b(-4). What are the prime factors of (r/16 - 6) + m/8?
7, 17
Let i(f) = 12*f**2 + 6*f - 12. Suppose 2*n - 1 = 1, -3*n - 7 = -2*m. Let h be i(m). Let q = h - 202. List the prime factors of q.
2, 29
Let l = 8289 - 5293. List the prime factors of l.
2, 7, 107
Suppose -c = 2565 - 2569. Suppose 2891 = c*n + q, 2*n + 5*q - 4*q = 1445. What are the prime factors of n?
3, 241
Let d(i) = -i**2 + 15*i + 14. Let c(j) = -j**2 + 14*j + 15. Let v(b) = -6*c(b) + 5*d(b). Let m be (-22 - -4)*46/92. List the prime factors of v(m).
2, 71
Let x(n) = n**3 + 6*n**2 + 10*n + 6. Let g be -1 - ((-6)/5)/(6/(-15)). Let l be x(g). List the prime factors of l*157/(-5)*(-5)/(-2).
157
Suppose -3*u + 4 = -8, 1779 = -5*d - 4*u. Let z = d - -624. What are the prime factors of z?
5, 53
List the prime factors of ((-12)/(96/(-4936)))/(4/36).
3, 617
Suppose 4*h + 2*p + 5407 = 40793, 44238 = 5*h - 3*p. What are the prime factors of h?
3, 983
What are the prime factors of 6/(-4)*((-367040)/15 - -2)?
7, 107
Let l be 16904/(-7)*(-7)/2. Suppose l = 27*w - 29294. What are the prime factors of w?
2, 3, 233
Let r be 51*(5/(-3) + 2). Suppose 5*o - 6*g + 7*g = r, -2*g = -3*o + 18. Let k(v) = 4*v + 27. List the prime factors of k(o).
43
Suppose -61*j + 16*j = -321300. Suppose -j = -235*x + 231*x. List the prime factors of x.
3, 5, 7, 17
Let p(g) be the first derivative of -17 + 13/2*g**2 + 20*g. List the prime factors of p(6).
2, 7
Let a = 2 + -4. Let t(f) = 15*f**2 + 17*f - 64. Let l be t(3). What are the prime factors of l*(a/8 - (-28)/16)?
3, 61
Suppose 24*q = -2595 - 2517. Suppose -2*l - 5*r - 613 = 0, -2*r - 942 = 3*l + r. Let n = q - l. List the prime factors of n.
2, 53
Let f(u) = 22*u**2 + 12*u + 26. Let d be f(-14). Suppose -21*p = -11*p - d. List the prime factors of p.
3, 139
Let b = 94422 + -66821. List the prime factors of b.
7, 3943
Suppose 2*o + 25 - 603 = -2*h, 4*h + o = 1162. Suppose 0 = 295*n - h*n - 912. What are the prime factors of n?
2, 3, 19
Let h(g) = -1702*g + 943. Let t(c) = -92*c + 51. Let i(q) = 5*h(q) - 92*t(q). List the prime factors of i(-5).
11, 23
Suppose 9305 = 5*d - 5*f, 2*f + 3*f = 2*d - 3737. What are the prime factors of d/14 + (-18)/(-42)?
7, 19
Suppose -305*b = -301*b + l - 42323, 4*l - 31739 = -3*b. What are the prime factors of b?
3, 3527
Suppose 169*k = 168*k + 415. Suppose 5*w + 25 = 0, u - 3*w - k = -u. What are the prime factors of u?
2, 5
Let i(p) = -98*p + 13. Suppose 2*y + 5*a = -0*y, -2*a = 3*y + 11. Let x be i(y). Let r = x - 317. List the prime factors of r.
2, 3, 31
Let p(i) = -6 - 21*i - 8*i**2 + 3*i**2 - 15*i. Let k be p(-7). What are the prime factors of (33/2)/k*(-14)/(-3)?
7, 11
Suppose 0 = -5*j + 2*z + 3991, 3*j + 4*z - 1189 - 1216 = 0. What are the prime factors of j?
17, 47
Suppose -323*u - 366263 - 724040 = -11714742. List the prime factors of u.
7, 37, 127
Let q(d) = 6*d**2 + 13*d + 15. Let v be q(-15). Suppose -8*l + v = -750. Suppose -l = -3*a - 3*a. List the prime factors of a.
2, 5
Let f(l) = -4*l**2 + 328*l - 242. List the prime factors of f(47).
2, 3169
Let x(c) = 4*c**2 - 37*c - 5. Let f be x(9). What are the prime factors of -18*3/2*(f + -3)?
3, 17
Suppose -t - 12*n + 353 + 10187 = 0, 4*n = t - 10604. List the prime factors of t.
2, 2647
Let j(b) = 4*b**2 + 24*b + 6. Let l(h) = -6*h**2 - 49*h - 11. Let u(s) = 5*j(s) + 2*l(s). What are the prime factors of u(10)?
2, 257
Suppose 3*j - 102057 = -404*v + 406*v, -4*j - 5*v + 136076 = 0. What are the prime factors of j?
34019
Suppose -y - 2*c = -6835, 6832 = y - c + 4*c. List the prime factors of y.
6841
Let o(f) = -6*f**2 + 15*f - 97. Let q(g) = 3*g**2 - 7*g + 49. Let c(n) = -3*o(n) - 5*q(n). List the prime factors of c(9).
199
Suppose 2*x + 820 = 5*w, 4*x - 2*x + 496 = 3*w. Suppose -s + w = -306. List the prime factors of s.
2, 3, 13
Let k = 30 + -31. Let s(j) = j**3 - j**2 + j + 1. Let m(v) = -4*v**3 - 8*v**2 + 10*v + 10. Let z(q) = k*m(q) - 3*s(q). List the prime factors of z(-11).
2, 5, 13
Suppose 2*w - 3*p = 111808, -w - 3*w + 5*p = -223612. Suppose 65*i - w - 20542 = 0. What are the prime factors of i?
2, 3, 7
Let k be 2*((-6)/12 - (-13)/2). Suppose 2*z - 6 = a + 5*z, -k = 3*z. What are the prime factors of a?
2, 3
Let d be 4068/63 - (-8)/(-14). Let v = d - 60. Suppose -v*c - 5*a + 165 = -69, -a = -2. List the prime factors of c.
2, 7
Let j(d) = 3*d**3 - 86*d**2 + 11*d - 113. List the prime factors of j(31).
5, 13, 107
List the prime factors of -2 - ((-16196)/3 - (-52)/78).
2, 19, 71
Let o be 27/(-27) - 8/(-2). Suppose -84 = -4*q - 4*c + 648, o*c = 2*q - 386. List the prime factors of q.
11, 17
Let t = 5333 - -5896. List the prime factors of t.
3, 19, 197
Let t(s) = 384*s + 751. List the prime factors of t(8).
3823
Suppose 78 = 3*i - 1281. Suppose -548 = -p - u - 83, 0 = -p + 5*u + i. List the prime factors of p.
463
Let x = 107 - 103. Suppose 4*d - x*f - 1154 = -7*f, 0 = 3*d - f - 872. List the prime factors of d.
2, 5, 29
Let n(o) = -o**3 - 3*o**2 + 9*o - 2. Let b be n(-5). Let v(r) = -10*r**3 - 2 + 3*r + 2*r**2 + b*r**3 + 2*r**3. List the prime factors of v(-3).
2, 71
Let m(k) = 164*k - 106. Let x be m(20). Suppose 2*q = -1074 + x. List the prime factors of q.
2, 3, 5, 7
Let u = -340 - -343. Suppose -u*h = -4*z - z - 3463, 0 = 5*h + 4*z - 5784. What are the prime factors of h?
2, 17
Let f = 20081 - 9591. What are the prime factors of f?
2, 5, 1049
What are the prime factors of (-20301840)/(-1950) - 14/(-5)?
2, 41, 127
Suppose -12*a = -1495 - 377. Let o = a + -145. What are the prime factors of o?
11
Let v be (6/(-5))/(51/(-30) + 2). Let b be (-420)/8*v/6. What are the prime factors of (-1386)/(-10) + (-21)/b?
2, 3, 23
Let i = 84 - -73. Suppose 4*p - i = 3299. List the prime factors of p.
2, 3
Let f = -1143 - -241. What are the prime factors of f/33*(-150)/4?
5, 41
Let x(n) be the third derivative of 13*n**4/8 + 85*n**3/6 + 3*n**2 + 20. What are the prime factors of x(8)?
397
Suppose -3*o - 4*k = -9*k + 2671, -2*o - 1749 = 3*k. Let v = -358 - o. What are the prime factors of v?
2, 131
Suppose 0 = -2*g + 3*g - 8. Suppose 236*f - 239*f + 72 = 0. Let z = f - g. What are the prime factors of z?
2
Let q be (-32)/(-6)*(2465/20 + -4). Suppose -13*w + 1106 + q = 0. List the prime factors of w.
2, 67
Let o = -18 - -21. Suppose o*y = 222 + 246. Suppose -3*k - k + y = 0. What are the prime factors of k?
3, 13
Let g = 227 - 192. Suppose -49*d = -g*d - 18046. What are the prime factors of d?
1289
Suppose 2*b - 4*u = 41392, -216*u = -221*u + 10. List the prime factors of b.
2, 3, 5, 23
Let i(w) = 2*w**2 - 14*w + 20. Let k be i(4). Let y(f) = -55*f - 17. List the prime factors of y(k).
7, 29
Let j be 344/32 - (-6)/(-8). Let i(r) = -2*r**2 + 4*r**2 - 11*r + 13 + 0*r**2. List the prime factors of i(j).
103
Let p(t) = 3*t**3 - 509*t**2 + 54*t - 768. List the prime factors of p(170).
2, 11, 53
Suppose 0 = 140*u - 72*u - 162084 - 166424. What are the prime factors of u?
4831
Suppose 0 = 3*c, 2*h + 151*c - 154*c - 5446 = 0. List the prime factors of h.
7, 389
Let k(r) = 14*r**3 + 5*r**2 + 4*r - 7. Let w be k(1). Let z(j) be the first derivative of 2*j**3/3 - 14*j**2 + 22*j + 2. What are the prime factors of z(w)?
2, 43
Let a = 8101 - -25124. What are the prime factors of a?
3, 5, 443
Suppose 10*c - 945056 = -48*c + 1656998. What are the prime factors of c?
7, 13, 17, 29
Let c(n) = 9184*n - 116. List the prime factors of c(1).
2, 2267
Let o(u) = u**3 - 3*u**2 - u + 89. Let x be o(0). Let z = x - 51. What are the prime factors